{"id":115,"date":"2023-10-20T14:52:59","date_gmt":"2023-10-20T12:52:59","guid":{"rendered":"https:\/\/luciahornak.sk\/?page_id=115"},"modified":"2023-12-13T00:06:49","modified_gmt":"2023-12-12T22:06:49","slug":"ahoj","status":"publish","type":"page","link":"https:\/\/luciahornak.sk\/","title":{"rendered":"ahoj"},"content":{"rendered":"\t\t<div data-elementor-type=\"wp-page\" data-elementor-id=\"115\" class=\"elementor elementor-115\">\n\t\t\t\t\t\t<section class=\"elementor-section elementor-top-section elementor-element elementor-element-70881c1 elementor-section-boxed elementor-section-height-default elementor-section-height-default\" data-id=\"70881c1\" data-element_type=\"section\">\n\t\t\t\t\t\t<div class=\"elementor-container elementor-column-gap-default\">\n\t\t\t\t\t<div class=\"elementor-column elementor-col-66 elementor-top-column elementor-element elementor-element-1445458\" data-id=\"1445458\" data-element_type=\"column\">\n\t\t\t<div class=\"elementor-widget-wrap elementor-element-populated\">\n\t\t\t\t\t\t<div class=\"elementor-element elementor-element-82af1fc elementor-widget__width-initial elementor-widget elementor-widget-image\" data-id=\"82af1fc\" data-element_type=\"widget\" data-widget_type=\"image.default\">\n\t\t\t\t<div class=\"elementor-widget-container\">\n\t\t\t\t\t\t\t\t\t\t\t\t\t\t\t<img fetchpriority=\"high\" decoding=\"async\" width=\"1024\" height=\"1024\" src=\"https:\/\/luciahornak.sk\/wp-content\/uploads\/2023\/10\/nesting5-1024x1024.jpg\" class=\"attachment-large size-large wp-image-192\" alt=\"\" srcset=\"https:\/\/luciahornak.sk\/wp-content\/uploads\/2023\/10\/nesting5-1024x1024.jpg 1024w, https:\/\/luciahornak.sk\/wp-content\/uploads\/2023\/10\/nesting5-300x300.jpg 300w, https:\/\/luciahornak.sk\/wp-content\/uploads\/2023\/10\/nesting5-150x150.jpg 150w, https:\/\/luciahornak.sk\/wp-content\/uploads\/2023\/10\/nesting5-768x768.jpg 768w\" sizes=\"(max-width: 1024px) 100vw, 1024px\" \/>\t\t\t\t\t\t\t\t\t\t\t\t\t\t\t<\/div>\n\t\t\t\t<\/div>\n\t\t\t\t\t<\/div>\n\t\t<\/div>\n\t\t\t\t<div class=\"elementor-column elementor-col-33 elementor-top-column elementor-element elementor-element-7cf8851\" data-id=\"7cf8851\" data-element_type=\"column\">\n\t\t\t<div class=\"elementor-widget-wrap elementor-element-populated\">\n\t\t\t\t\t\t<div class=\"elementor-element elementor-element-0177bba elementor-widget__width-initial elementor-widget elementor-widget-text-editor\" data-id=\"0177bba\" data-element_type=\"widget\" data-widget_type=\"text-editor.default\">\n\t\t\t\t<div class=\"elementor-widget-container\">\n\t\t\t\t\t\t\t\t\t<h2 class=\"wp-block-heading\">m\u00f4j obraz<br><\/h2>\n<p>\/ in\u00fd text<\/p>\n<h2 class=\"wp-block-heading\">my picture<br><\/h2>\n<p>\/ other text<\/p><div><br><\/div><div><br><\/div>\t\t\t\t\t\t\t\t<\/div>\n\t\t\t\t<\/div>\n\t\t\t\t<div class=\"elementor-element elementor-element-70d5923 elementor-widget elementor-widget-text-editor\" data-id=\"70d5923\" data-element_type=\"widget\" data-widget_type=\"text-editor.default\">\n\t\t\t\t<div class=\"elementor-widget-container\">\n\t\t\t\t\t\t\t\t\t<p>Aktu\u00e1lnym predmetom mojej pr\u00e1ce je sk\u00famanie vz\u0165ahu medzi v\u0161ednos\u0165ou a mimoriadnos\u0165ou v oblasti \u013eudsk\u00e9ho \u017eivota a tvorivosti na dvoch odli\u0161n\u00fdch pr\u00edstupoch. Jedn\u00fdm z nich je pr\u00e1ca s m\u00e4kk\u00fdm odpadov\u00fdm materi\u00e1lom a druh\u00fdm s\u00fa participat\u00edvne strat\u00e9gie. Participat\u00edvne strat\u00e9gie umo\u017e\u0148uj\u00fa \u0161pecifick\u00fd pr\u00edstup k tvorbe, ktor\u00fd sa prel\u00edna s prirodzen\u00fdm spr\u00e1van\u00edm a existenciou \u017eien v &#8222;nevizu\u00e1lnom, neumeleckom&#8220; \u017eivote. Tak\u00fdto pr\u00edstup mi umo\u017e\u0148uje oscilova\u0165 medzi mojimi poz\u00edciami (rolami). Prirodzen\u00e9 priese\u010dn\u00edky medzi t\u00fdmito oblas\u0165ami dej\u00fa prostredn\u00edctvom element\u00e1rnych akci\u00ed.<\/p><p>Sna\u017e\u00edm sa pren\u00e1\u0161a\u0165 oby\u010dajn\u00e9 zo svojho \u017eivota do sveta umenia, aby sa stalo v\u00fdnimo\u010dn\u00e9 pre ostatn\u00fdch. T\u00fdmto konceptom sa oby\u010dajn\u00fd \u017eivot st\u00e1va mimoriadnym.<\/p><p>Moja tvorba je zameran\u00e1 na prieniky v\u00fdtvarn\u00e9ho priestoru a be\u017en\u00e9ho, civiln\u00e9ho \u017eivota z poh\u013eadu autorky, matky, pedagogi\u010dky a v\u00fdskumn\u00ed\u010dky.\u00a0 Tvorbu zameriavam na t\u00e9my spolupr\u00e1ce, problematiky autorstva, otvorenej pr\u00e1ce, be\u017en\u00e9ho \u017eivota a experimentovania s odpadov\u00fdmi materi\u00e1lmi vo fyzickej materializ\u00e1cii diela.<\/p><p>V mojej pr\u00e1ci sa objavuj\u00fa dve oblasti: pr\u00e1ca s otvorenos\u0165ou umeleck\u00e9ho diela, aktiviz\u00e1cia div\u00e1ka a pr\u00e1ca s neumeleck\u00fdm materi\u00e1lom. D\u00f4le\u017eit\u00fdm momentom v mojej tvorbe sa stalo ne\/oby\u010dajn\u00e9 dielo &#8211; nehmotn\u00fd &#8222;produkt&#8220;, ktor\u00fd vznik\u00e1 vo vz\u0165ahu medzi div\u00e1kom, fyzick\u00fdm dielom vizu\u00e1lneho umenia a autorom. Tento \u0161peci\u00e1lny &#8222;produkt&#8220; sa sna\u017e\u00edm realizova\u0165 s publikom, ale aj s \u0161peci\u00e1lnym div\u00e1kom \u2013 mojou rodinou.<\/p>\t\t\t\t\t\t\t\t<\/div>\n\t\t\t\t<\/div>\n\t\t\t\t\t<\/div>\n\t\t<\/div>\n\t\t\t\t\t<\/div>\n\t\t<\/section>\n\t\t\t\t<\/div>\n\t\t","protected":false},"excerpt":{"rendered":"<p>m\u00f4j obraz \/ in\u00fd text my picture \/ other text Aktu\u00e1lnym predmetom mojej pr\u00e1ce je sk\u00famanie vz\u0165ahu medzi v\u0161ednos\u0165ou a mimoriadnos\u0165ou v oblasti \u013eudsk\u00e9ho \u017eivota a tvorivosti na dvoch odli\u0161n\u00fdch pr\u00edstupoch. Jedn\u00fdm z nich je pr\u00e1ca s m\u00e4kk\u00fdm odpadov\u00fdm materi\u00e1lom a druh\u00fdm s\u00fa participat\u00edvne strat\u00e9gie. Participat\u00edvne strat\u00e9gie umo\u017e\u0148uj\u00fa \u0161pecifick\u00fd pr\u00edstup k tvorbe, ktor\u00fd sa prel\u00edna [&hellip;]<\/p>\n","protected":false},"author":1,"featured_media":0,"parent":0,"menu_order":0,"comment_status":"closed","ping_status":"closed","template":"","meta":{"footnotes":""},"class_list":["post-115","page","type-page","status-publish","hentry"],"_links":{"self":[{"href":"https:\/\/luciahornak.sk\/index.php?rest_route=\/wp\/v2\/pages\/115","targetHints":{"allow":["GET"]}}],"collection":[{"href":"https:\/\/luciahornak.sk\/index.php?rest_route=\/wp\/v2\/pages"}],"about":[{"href":"https:\/\/luciahornak.sk\/index.php?rest_route=\/wp\/v2\/types\/page"}],"author":[{"embeddable":true,"href":"https:\/\/luciahornak.sk\/index.php?rest_route=\/wp\/v2\/users\/1"}],"replies":[{"embeddable":true,"href":"https:\/\/luciahornak.sk\/index.php?rest_route=%2Fwp%2Fv2%2Fcomments&post=115"}],"version-history":[{"count":42,"href":"https:\/\/luciahornak.sk\/index.php?rest_route=\/wp\/v2\/pages\/115\/revisions"}],"predecessor-version":[{"id":657,"href":"https:\/\/luciahornak.sk\/index.php?rest_route=\/wp\/v2\/pages\/115\/revisions\/657"}],"wp:attachment":[{"href":"https:\/\/luciahornak.sk\/index.php?rest_route=%2Fwp%2Fv2%2Fmedia&parent=115"}],"curies":[{"name":"wp","href":"https:\/\/api.w.org\/{rel}","templated":true}]}}