{"id":120,"date":"2023-10-20T15:01:59","date_gmt":"2023-10-20T13:01:59","guid":{"rendered":"https:\/\/luciahornak.sk\/?page_id=120"},"modified":"2023-12-12T15:51:58","modified_gmt":"2023-12-12T13:51:58","slug":"kontakt","status":"publish","type":"page","link":"https:\/\/luciahornak.sk\/?page_id=120","title":{"rendered":"contact"},"content":{"rendered":"\t\t<div data-elementor-type=\"wp-page\" data-elementor-id=\"120\" class=\"elementor elementor-120\">\n\t\t\t\t\t\t<section class=\"elementor-section elementor-top-section elementor-element elementor-element-6c96c03 elementor-section-boxed elementor-section-height-default elementor-section-height-default\" data-id=\"6c96c03\" data-element_type=\"section\">\n\t\t\t\t\t\t<div class=\"elementor-container elementor-column-gap-default\">\n\t\t\t\t\t<div class=\"elementor-column elementor-col-25 elementor-top-column elementor-element elementor-element-eaccd1b\" data-id=\"eaccd1b\" data-element_type=\"column\">\n\t\t\t<div class=\"elementor-widget-wrap\">\n\t\t\t\t\t\t\t<\/div>\n\t\t<\/div>\n\t\t\t\t<div class=\"elementor-column elementor-col-25 elementor-top-column elementor-element elementor-element-2492716\" data-id=\"2492716\" data-element_type=\"column\">\n\t\t\t<div class=\"elementor-widget-wrap elementor-element-populated\">\n\t\t\t\t\t\t<div class=\"elementor-element elementor-element-8cd6b2a elementor-widget elementor-widget-text-editor\" data-id=\"8cd6b2a\" data-element_type=\"widget\" data-widget_type=\"text-editor.default\">\n\t\t\t\t<div class=\"elementor-widget-container\">\n\t\t\t\t\t\t\t\t\t<p><strong>ADDRESS<\/strong><\/p><p>\u0160TVR\u0164 SNP 139\/43<br \/>TREN\u010cIANSKE TEPLICE 914 51<br \/>SLOVENSKO<\/p><p><strong>CONTACT<\/strong><br \/>lucia.cernayova@gmail.com<br \/>+ 421 904 545 023<\/p><p>\u00a0<\/p><p><strong>SOCIAL<\/strong><br \/><a href=\"https:\/\/www.instagram.com\/luciahornak\/\" target=\"_blank\" rel=\"noreferrer noopener\">@luciahornak<\/a><br \/><a href=\"https:\/\/www.instagram.com\/materialflowproject\/\" target=\"_blank\" rel=\"noreferrer noopener\">@materialflowproject<\/a><br \/><a href=\"https:\/\/www.instagram.com\/pridajknihu\/\" target=\"_blank\" rel=\"noreferrer noopener\">@pridajknihudovystavy<\/a><br \/><a href=\"https:\/\/www.instagram.com\/pridajknihu\/\" target=\"_blank\" rel=\"noreferrer noopener\">@halasympozium<\/a><br \/><a href=\"https:\/\/art.aku.sk\/autori\/123\/lucia-hornakova-cernayova\" target=\"_blank\" rel=\"noreferrer noopener\">portfolio art.aku.sk<\/a><\/p>\t\t\t\t\t\t\t\t<\/div>\n\t\t\t\t<\/div>\n\t\t\t\t\t<\/div>\n\t\t<\/div>\n\t\t\t\t<div class=\"elementor-column elementor-col-25 elementor-top-column elementor-element elementor-element-e92ccb4\" data-id=\"e92ccb4\" data-element_type=\"column\">\n\t\t\t<div class=\"elementor-widget-wrap elementor-element-populated\">\n\t\t\t\t\t\t<div class=\"elementor-element elementor-element-cea2133 elementor-widget elementor-widget-text-editor\" data-id=\"cea2133\" data-element_type=\"widget\" data-widget_type=\"text-editor.default\">\n\t\t\t\t<div class=\"elementor-widget-container\">\n\t\t\t\t\t\t\t\t\t<p><b>+REFERENCIES<\/b><br \/>prof. Miroslav Broo\u0161 \u00a0\u00a0 \u00a0 \u00a0 <a href=\"mailto:miroslav.broos@aku.sk\">miroslav.broos@aku.sk<\/a><br \/>prof. RNDr. J\u00falia Dobrovoln\u00e1 PhD.\u00a0<a href=\"mailto:vasku.julie@gmail.com\">\u00a0 vasku.julie@gmail.com<\/a><br \/>Mgr. Radka Nedomov\u00e1<a href=\"mailto:radka.nedomova@gmail.com\"> radka.nedomova@gmail.com<\/a><br \/>Mgr. Petra \u0160ob\u00e1\u0148ov\u00e1 PhD.\u00a0 <a href=\"mailto:petra.sobanova@upol.cz\">petra.sobanova@upol.cz<\/a><\/p><div>\u00a0<\/div><div>\u00a0<\/div>\t\t\t\t\t\t\t\t<\/div>\n\t\t\t\t<\/div>\n\t\t\t\t\t<\/div>\n\t\t<\/div>\n\t\t\t\t<div class=\"elementor-column elementor-col-25 elementor-top-column elementor-element elementor-element-5885077\" data-id=\"5885077\" data-element_type=\"column\">\n\t\t\t<div class=\"elementor-widget-wrap\">\n\t\t\t\t\t\t\t<\/div>\n\t\t<\/div>\n\t\t\t\t\t<\/div>\n\t\t<\/section>\n\t\t\t\t<\/div>\n\t\t","protected":false},"excerpt":{"rendered":"<p>ADDRESS \u0160TVR\u0164 SNP 139\/43TREN\u010cIANSKE TEPLICE 914 51SLOVENSKO CONTACTlucia.cernayova@gmail.com+ 421 904 545 023 \u00a0 SOCIAL@luciahornak@materialflowproject@pridajknihudovystavy@halasympoziumportfolio art.aku.sk +REFERENCIESprof. Miroslav Broo\u0161 \u00a0\u00a0 \u00a0 \u00a0 miroslav.broos@aku.skprof. RNDr. J\u00falia Dobrovoln\u00e1 PhD.\u00a0\u00a0 vasku.julie@gmail.comMgr. Radka Nedomov\u00e1 radka.nedomova@gmail.comMgr. Petra \u0160ob\u00e1\u0148ov\u00e1 PhD.\u00a0 petra.sobanova@upol.cz \u00a0\u00a0<\/p>\n","protected":false},"author":1,"featured_media":0,"parent":0,"menu_order":0,"comment_status":"closed","ping_status":"closed","template":"","meta":{"footnotes":""},"class_list":["post-120","page","type-page","status-publish","hentry"],"_links":{"self":[{"href":"https:\/\/luciahornak.sk\/index.php?rest_route=\/wp\/v2\/pages\/120","targetHints":{"allow":["GET"]}}],"collection":[{"href":"https:\/\/luciahornak.sk\/index.php?rest_route=\/wp\/v2\/pages"}],"about":[{"href":"https:\/\/luciahornak.sk\/index.php?rest_route=\/wp\/v2\/types\/page"}],"author":[{"embeddable":true,"href":"https:\/\/luciahornak.sk\/index.php?rest_route=\/wp\/v2\/users\/1"}],"replies":[{"embeddable":true,"href":"https:\/\/luciahornak.sk\/index.php?rest_route=%2Fwp%2Fv2%2Fcomments&post=120"}],"version-history":[{"count":12,"href":"https:\/\/luciahornak.sk\/index.php?rest_route=\/wp\/v2\/pages\/120\/revisions"}],"predecessor-version":[{"id":507,"href":"https:\/\/luciahornak.sk\/index.php?rest_route=\/wp\/v2\/pages\/120\/revisions\/507"}],"wp:attachment":[{"href":"https:\/\/luciahornak.sk\/index.php?rest_route=%2Fwp%2Fv2%2Fmedia&parent=120"}],"curies":[{"name":"wp","href":"https:\/\/api.w.org\/{rel}","templated":true}]}}